{"id":3929,"date":"2020-10-10T23:36:34","date_gmt":"2020-10-10T21:36:34","guid":{"rendered":"https:\/\/tepasport.it\/main\/?page_id=3929"},"modified":"2024-04-28T16:47:19","modified_gmt":"2024-04-28T14:47:19","slug":"termini-e-condizioni-di-vendita","status":"publish","type":"page","link":"https:\/\/tepasport.it\/main\/?page_id=3929","title":{"rendered":"Termini e condizioni di vendita"},"content":{"rendered":"\n<h2 class=\"wp-block-heading\">Disposizioni Generali<\/h2>\n\n\n\n<p>Le condizioni di seguito indicate hanno efficacia esclusivamente tra la societ\u00e0 Havir Srls,\u00a0P.I.: 04162770988\u00a0(di seguito denominata Havir Srls,) e qualsiasi persona (di seguito denominata \u201cCLIENTE\u201d) che effettui acquisti on line sul sito internet\u00a0<a href=\"http:\/\/www.casatepa.it\/\">https:\/\/www.casatepa.it\/<\/a> e\/o <a href=\"https:\/\/tepasport.it\">https:\/\/tepasport.it<\/a> , conformemente alle disposizioni del Codice del Consumo, di cui al D.lgs. n. 206\/2005, modificato dal D.lgs. n. 21\/2014 e dal D.lgs. 70\/2003, in materia di commercio elettronico.<\/p>\n\n\n\n<p>Queste condizioni possono essere oggetto di modifiche e la data di pubblicazione delle stesse sul sito equivale alla data di entrata in vigore.<\/p>\n\n\n\n<p><strong>ARTICOLO 1 \u2013 Oggetto del contratto<\/strong><\/p>\n\n\n\n<p>Il contratto ha ad oggetto la vendita, da parte di Havir Srls, al CLIENTE, dei prodotti pubblicati sul sito <a href=\"https:\/\/www.casatepa.it\/\">https:\/\/www.casatepa.it\/<\/a> e\/o <a href=\"https:\/\/tepasport.it\">https:\/\/tepasport.it<\/a>, ove viene espressamente indicato il nome del bene e le caratteristiche essenziali dello stesso.<\/p>\n\n\n\n<p>Havir Srls, si impegna a descrivere e presentare gli articoli venduti sul sito nel miglior modo possibile. Ciononostante potrebbero evidenziarsi alcuni errori, imprecisioni o piccole differenze tra il sito ed il prodotto reale. Inoltre le fotografie dei prodotti presentati su\u00a0<a href=\"http:\/\/www.casatepa.it\/\">https:\/\/www.casatepa.it\/<\/a> e\/o <a href=\"https:\/\/tepasport.it\">https:\/\/tepasport.it<\/a>\u00a0non costituiscono elemento contrattuale, ma solo rappresentative, in quanto i colori e le caratteristiche estetiche della confezione, delle etichette e del prodotto possono subire variazioni a causa del monitor utilizzato dal CLIENTE; il venditore non garantisce pertanto la riproduzione veritiera degli stessi.<\/p>\n\n\n\n<p>I dati pubblicati sul sito possono essere oggetto di modifiche o aggiornamenti, al fine di un migliore servizio per il CLIENTE; ogni eventuale variazione sar\u00e0 prontamente comunicata all&#8217;atto della conferma dell&#8217;ordine.<\/p>\n\n\n\n<p>Il cliente si impegna a prendere visione, prima di procedere alla conferma del proprio ordine, delle presenti condizioni generali di vendita, in particolare delle informazioni precontrattuali fornite da Havir Srls, e ad accettarle mediante l\u2019 apposizione di un flag nella casella indicata.<\/p>\n\n\n\n<p>Nella e-mail di conferma dell\u2019ordine, il CLIENTE ricever\u00e0 anche il link per scaricare e archiviare una copia delle presenti condizioni generali di vendita, cosi come previsto dall\u2019art. 51 comma 1 del D.Lgs 206\/2005, modificato dal D.lgs 21\/2014.<\/p>\n\n\n\n<p><strong>ARTICOLO 2 \u2013 Informazioni precontrattuali per il consumatore \u2013 art. 49 del D.lgs 206\/205<\/strong><\/p>\n\n\n\n<p>Prima della conclusione del contratto di acquisto e prima della convalida dell\u2019ordine con \u201cobbligo di pagamento\u201d, il CLIENTE viene informato in conformit\u00e0 a quanto previsto dall&#8217;art.49 del Codice del Consumo e, tra l&#8217;altro, di:<\/p>\n\n\n\n<p>-caratteristiche principali del bene;<\/p>\n\n\n\n<p>-identit\u00e0 del venditore, nonch\u00e9 indirizzo e recapiti di riferimento;<\/p>\n\n\n\n<p>-prezzo totale dei beni comprensivo delle imposte, con il dettaglio delle spese di spedizione e ogni altro costo;<\/p>\n\n\n\n<p>-modalit\u00e0 di pagamento;<\/p>\n\n\n\n<p>-termine entro il quale Havir Srls, si impegna a consegnare la merce;<\/p>\n\n\n\n<p>-condizioni, termini e procedure per esercitare il diritto di recesso (art.7 delle presenti condizioni) nonch\u00e9 modulo tipo di recesso di cui all\u2019allegato I, parte B del D.lgs 206\/2005;<\/p>\n\n\n\n<p>-informazione che il CLIENTE dovr\u00e0 sostenere il costo della restituzione dei beni in caso di recesso;<\/p>\n\n\n\n<p>-esistenza della garanzia legale di conformit\u00e0 per i beni acquistati.<\/p>\n\n\n\n<p>In ogni caso, il CLIENTE pu\u00f2 in qualsiasi momento e comunque prima della conclusione del contratto, prendere conoscenza delle informazioni relative a Havir Srls, quali l\u2019indirizzo geografico, il numero di telefono e fax, l&#8217;indirizzo di posta elettronica. Dette informazioni vengono riportate, anche di seguito:<\/p>\n\n\n\n<p>Havir Srls,&nbsp;P.I.: 04162770988<\/p>\n\n\n\n<p>TELEFONO = +39&nbsp;371 4400073<\/p>\n\n\n\n<p><a href=\"mailto:info@tepasport.it\">info@tepasport.it<\/a><\/p>\n\n\n\n<p><strong>ARTICOLO 3 \u2013 Conclusione ed efficacia del contratto<\/strong><\/p>\n\n\n\n<p>E&#8217; possibile concludere il contratto esclusivamente attraverso la rete internet, mediante l\u2019accesso del CLIENTE all\u2019indirizzo\u00a0<a href=\"http:\/\/www.casatepa.it\/\">https:\/\/www.casatepa.it\/<\/a>\u00a0 e\/o <a href=\"https:\/\/tepasport.it\">https:\/\/tepasport.it<\/a> e la realizzazione di un ordine di acquisto secondo la procedura prevista dal sito stesso.<\/p>\n\n\n\n<p>In particolare, il contratto di vendita \u00e8 considerato concluso con l\u2019invio da parte di Havir Srls, al CLIENTE di un\u2019 e-mail di conferma dell\u2019ordine. L\u2019 e-mail contiene i dati del CLIENTE e il numero di ordine, il prezzo della merce acquistata, le spese di spedizione e l\u2019 indirizzo di consegna al quale sar\u00e0 inviata la merce.<\/p>\n\n\n\n<p>Il CLIENTE si impegna a verificare la correttezza dei dati personali in essa contenuti e a comunicare tempestivamente a Havir Srls, eventuali correzioni.<\/p>\n\n\n\n<p><strong>ARTICOLO 4 \u2013 Disponibilit\u00e0 dei prodotti<\/strong><\/p>\n\n\n\n<p>La disponibilit\u00e0 dei prodotti si riferisce a quella effettiva al momento in cui il CLIENTE effettua l\u2019ordine. Tale disponibilit\u00e0 deve comunque essere considerata puramente indicativa perch\u00e9, per effetto della contemporanea presenza sul sito di pi\u00f9 utenti, i prodotti potrebbero essere venduti ad altri CLIENTI prima della conferma dell\u2019ordine.<\/p>\n\n\n\n<p>Anche in seguito all\u2019invio della e-mail di conferma d&#8217;ordine inviata da Havir Srls,, potrebbero verificarsi casi di indisponibilit\u00e0 parziale o totale della merce. In questa eventualit\u00e0, Havir Srls, provveder\u00e0 a contattare il CLIENTE, attivandosi per concordare insieme la soluzione pi\u00f9 idonea. Qualora, in detta ultima ipotesi non vi sia possibilit\u00e0 di trovare un accordo, il CLIENTE potr\u00e0 richiedere l\u2019annullamento dell\u2019ordine, risolvendo il contratto. Havir Srls, rimborser\u00e0 l\u2019importo eventualmente gi\u00e0 pagato entro 14 giorni dal giorno in cui Havir Srls, ha avuto conoscenza della decisione del cliente di risolvere il contratto.<\/p>\n\n\n\n<p><strong>ARTICOLO 5 \u2013 I prezzi<\/strong><\/p>\n\n\n\n<p>Tutti i prezzi di vendita dei prodotti indicati sul sito\u00a0<a href=\"http:\/\/www.casatepa.it\/\">https:\/\/www.casatepa.it\/<\/a>\u00a0 e\/o <a href=\"https:\/\/tepasport.it\">https:\/\/tepasport.it<\/a> sono espressi in Euro e sono comprensivi di IVA.<\/p>\n\n\n\n<p>I costi di spedizione non sono compresi nel prezzo d\u2019 acquisto, ma sono indicati e calcolati al momento della conclusione del processo di acquisto prima dell\u2019effettuazione del pagamento.<\/p>\n\n\n\n<p>Il CLIENTE accetta la facolt\u00e0 di Havir Srls, di modificare i suoi prezzi in qualsiasi momento; resta in ogni caso inteso che la merce sar\u00e0 fatturata sulla base dei prezzi indicati sul sito al momento della creazione dell\u2019ordine e indicati nell\u2019 e-mail di conferma, inviata da Havir Srls, al CLIENTE.<\/p>\n\n\n\n<p>In caso di errore informatico, manuale, tecnico o di qualsiasi altra natura che comporti un cambiamento sostanziale, non previsto da Havir Srls,, del prezzo di vendita al pubblico, tale da renderlo esorbitante o chiaramente irrisorio, l\u2019ordine d\u2019acquisto sar\u00e0 considerato non valido e annullato e l\u2019importo eventualmente versato dal CLIENTE sar\u00e0 rimborsato entro 14 gg dal giorno dell\u2019annullamento.<\/p>\n\n\n\n<p><strong>ARTICOLO 6 \u2013 Modalit\u00e0 di pagamento<\/strong><\/p>\n\n\n\n<p>Ogni pagamento da parte del CLIENTE potr\u00e0 avvenire unicamente per mezzo delle carte di credito indicate sul sito\u00a0<a href=\"http:\/\/www.casatepa.it\/\">https:\/\/www.casatepa.it\/<\/a>  e\/o <a href=\"https:\/\/tepasport.it\">https:\/\/tepasport.it<\/a>, con bonifico bancario, oppure in contanti al corriere (nei limiti previsti ex legge).<\/p>\n\n\n\n<p>Le comunicazioni relative al pagamento e i dati comunicati dal CLIENTE nel momento in cui avviene il versamento, saranno effettuate su apposite linee protette.<\/p>\n\n\n\n<p><strong>ARTICOLO 7 \u2013 Diritto di recesso<\/strong><\/p>\n\n\n\n<p>Il CLIENTE ha diritto di recedere dal contratto, senza indicarne le ragioni, entro 14 giorni da quando il medesimo o un terzo da lui incaricato (i) ha ricevuto il prodotto (i) e nel caso di acquisto di pi\u00f9 prodotti consegnati separatamente ma compresi in un solo ordine, ha ricevuto l\u2019ultimo prodotto.<\/p>\n\n\n\n<p>Per esercitare il diritto di recesso, va informata Havir Srls, della decisione, inviando una dichiarazione esplicita ovvero utilizzando il modulo di recesso di cui all\u2019allegato I parte B del D.Lgs. n. 206\/2005.<\/p>\n\n\n\n<p>Per rispettare il termine, \u00e8 sufficiente inviare la dichiarazione di recesso o il modulo compilato in ogni sua parte, prima della scadenza del periodo di recesso.<\/p>\n\n\n\n<p>In caso di valido esercizio di recesso, saranno rimborsati al cliente i pagamenti che ha effettuato, comprensivi dei costi di consegna (ad eccezione dei costi supplementari derivanti dall\u2019eventuale scelta del consumatore di un tipo di consegna diverso dal tipo meno costoso di consegna offerto da Havir Srls,&#8217;), senza indebito ritardo e in ogni caso non oltre 14 giorni dalla ricezione della decisione di recesso. Detti rimborsi saranno effettuati a mezzo bonifico bancario o vaglia postale.<\/p>\n\n\n\n<p>Il rimborso pu\u00f2 essere sospeso fino al ricevimento e controllo dei beni oppure fino all\u2019avvenuta dimostrazione da parte del CLIENTE di aver rispedito i beni, se precedente.<\/p>\n\n\n\n<p>Se il prodotto \u00e8 stato consegnato, il CLIENTE dovr\u00e0 restituirlo integro nella sua confezione originaria, a&nbsp;<strong>Havir Srls,<\/strong>&nbsp;senza indebito ritardo e, in ogni caso, entro 14 giorni dal giorno in cui \u00e8 stato comunicato il recesso. Il termine \u00e8 rispettato se vengono rispediti i beni prima della scadenza del periodo di 14 giorni. I costi diretti per la restituzione dei beni saranno a carico del CLIENTE.<\/p>\n\n\n\n<p><strong>ARTICOLO 8 \u2013 Garanzia legale di conformit\u00e0<\/strong><\/p>\n\n\n\n<p>In caso di ricezione di bottiglie non conformi agli ordini o danneggiate, il CLIENTE ha diritto al ripristino senza spese della conformit\u00e0 del prodotto, mediante sostituzione dello stesso.<\/p>\n\n\n\n<p><strong>ARTICOLO 9 \u2013 Modalit\u00e0 di consegna<\/strong><\/p>\n\n\n\n<p>Havir Srls, accetter\u00e0 solo ordini da consegnare nel territorio italiano e nella Repubblica di San Marino. Havir Srls, si impegna a consegnare la merce, tramite corriere all\u2019indirizzo indicato dal CLIENTE al momento dell\u2019ordine, entro 20 giorni decorrenti dell\u2019invio da parte di Havir Srls, della e-mail di conferma d\u2019ordine al CLIENTE.<\/p>\n\n\n\n<p>Il CLIENTE al ricevimento della merce \u00e8 tenuto a verificarne l\u2019 integrit\u00e0; qualora il CLIENTE avesse dubbi circa l\u2019 integrit\u00e0 della stessa dovr\u00e0 indicarlo sulla ricevuta di consegna, indicando riserva scritta o rottura collo e non ritirare il collo rotto, riconsegnandolo al corriere.<\/p>\n\n\n\n<p>Per ogni ordine effettuato sul sito <a href=\"https:\/\/www.casatepa.it\/\">https:\/\/www.casatepa.it\/<\/a>  e\/o <a href=\"https:\/\/tepasport.it\">https:\/\/tepasport.it<\/a>, Havir Srls, emetter\u00e0 fattura della merce spedita. La fattura verr\u00e0 inviata tramite posta ordinaria oppure tramite e-mail.<\/p>\n\n\n\n<p>La fattura conterr\u00e0 tutte le informazioni fornite dal CLIENTE durante la procedura di acquisto.<\/p>\n\n\n\n<p>Dopo l\u2019emissione della fattura, non sar\u00e0 pi\u00f9 possibile apportare alcuna modifica ai dati indicati nella stessa.<\/p>\n\n\n\n<p><strong>ARTICOLO 10 &#8211; Responsabilit\u00e0<\/strong><\/p>\n\n\n\n<p>Havir Srls, non assume alcuna responsabilit\u00e0 per disservizi imputabili a causa di forza maggiore o caso fortuito, anche ove dipendenti da malfunzionamenti e disservizi della rete internet, nel caso in cui non riesca a dare esecuzione all\u2019ordine nei tempi previsti. Havir Srls, non risponde dell\u2019operato del corriere che trasporta la merce, in caso di ritardo nella consegna o danneggiamento della stessa.<\/p>\n\n\n\n<p><strong>ARTICOLO 11 \u2013 Accesso al sito<\/strong><\/p>\n\n\n\n<p>Il CLIENTE ha diritto ad accedere al sito per la consultazione e l\u2019effettuazione degli acquisti. Non \u00e8 consentito alcun altro utilizzo, in particolare commerciale, del sito o del suo contenuto. L\u2019 integrit\u00e0 degli elementi di questo sito, che siano sonori o visivi, e la relativa tecnologia utilizzata rimangono di propriet\u00e0 di Havir Srls, e sono protetti dal diritto di propriet\u00e0 intellettuale.<\/p>\n\n\n\n<p><strong>ARTICOLO 12 \u2013 Cookies<\/strong><\/p>\n\n\n\n<p>Il sito web\u00a0<a href=\"http:\/\/www.casatepa.it\/\">https:\/\/www.casatepa.it\/<\/a>\u00a0 e\/o <a href=\"https:\/\/tepasport.it\">https:\/\/tepasport.it<\/a> utilizza i cookies. I cookies sono file elettronici che registrano informazioni relative alla navigazione del CLIENTE nel sito (pagine consultate, data ed ora della consultazione etc\u2026.) e che permettono a Havir Srls, di offrire un servizio personalizzato ai propri clienti.<\/p>\n\n\n\n<p>Havir Srls, informa il cliente della possibilit\u00e0 di disattivare la creazione di tali file, accedendo al proprio men\u00f9 di configurazione internet. Resta inteso che la disattivazione dei cookies impedir\u00e0 al CLIENTE di procedere all\u2019acquisto on line.<\/p>\n\n\n\n<p><strong>ARTICOLO 13 \u2013 Conferimento e trattamento dei dati personali<\/strong><\/p>\n\n\n\n<p>Havir Srls si impegna a raccogliere i dati personali con l&#8217;esclusiva finalit\u00e0 di registrare il CLIENTE e attivare nei suoi confronti la procedura per dare esecuzione all&#8217;ordine; i dati saranno trattati nel rispetto della normativa in materia vigente. Il CLIENTE presta il consenso al trattamento dei dati personali per l&#8217;espletamento dell&#8217;ordine e per la ricezione di newsletter.<\/p>\n\n\n\n<p><strong>ARTICOLO 14 \u2013 Integralit\u00e0<\/strong><\/p>\n\n\n\n<p>Le presenti condizioni generali di vendita sono costituite dalla totalit\u00e0 delle clausole che la compongono. Se una o pi\u00f9 disposizioni delle presenti condizioni generali di vendita fosse considerata non valida o dichiarata tale ai sensi della legge, della regolamentazione o in seguito ad una decisione da parte di un tribunale avente giurisdizione, le altre disposizioni continueranno ad avere pieno vigore ed efficacia.<\/p>\n\n\n\n<p><strong>ARTICOLO 15 \u2013 Legge applicabile e Foro competente<\/strong><\/p>\n\n\n\n<p>Le presenti Condizioni Generali di Vendita sono sottoposte alla legge italiana.<\/p>\n\n\n\n<p>Ogni controversia che dovesse sorgere sar\u00e0 inderogabilmente sottoposta alla competenza territoriale del giudice del luogo di residenza o di domicilio del consumatore, se ubicati nel territorio dello Stato; diversamente la competenza sar\u00e0 esclusiva del foro di Brescia.<\/p>\n","protected":false},"excerpt":{"rendered":"<p>Disposizioni Generali Le condizioni di seguito indicate hanno efficacia esclusivamente tra la societ\u00e0 Havir Srls,\u00a0P.I.: 04162770988\u00a0(di seguito denominata Havir Srls,) e qualsiasi persona (di seguito denominata \u201cCLIENTE\u201d) che effettui acquisti on line sul sito internet\u00a0https:\/\/www.casatepa.it\/ e\/o https:\/\/tepasport.it , conformemente alle disposizioni del Codice del Consumo, di cui al D.lgs. n. 206\/2005, modificato dal D.lgs. n. [&hellip;]<\/p>\n","protected":false},"author":1,"featured_media":0,"parent":0,"menu_order":0,"comment_status":"closed","ping_status":"closed","template":"","meta":{"cybocfi_hide_featured_image":"","footnotes":""},"class_list":["post-3929","page","type-page","status-publish","hentry"],"_links":{"self":[{"href":"https:\/\/tepasport.it\/main\/index.php?rest_route=\/wp\/v2\/pages\/3929","targetHints":{"allow":["GET"]}}],"collection":[{"href":"https:\/\/tepasport.it\/main\/index.php?rest_route=\/wp\/v2\/pages"}],"about":[{"href":"https:\/\/tepasport.it\/main\/index.php?rest_route=\/wp\/v2\/types\/page"}],"author":[{"embeddable":true,"href":"https:\/\/tepasport.it\/main\/index.php?rest_route=\/wp\/v2\/users\/1"}],"replies":[{"embeddable":true,"href":"https:\/\/tepasport.it\/main\/index.php?rest_route=%2Fwp%2Fv2%2Fcomments&post=3929"}],"version-history":[{"count":1,"href":"https:\/\/tepasport.it\/main\/index.php?rest_route=\/wp\/v2\/pages\/3929\/revisions"}],"predecessor-version":[{"id":5201,"href":"https:\/\/tepasport.it\/main\/index.php?rest_route=\/wp\/v2\/pages\/3929\/revisions\/5201"}],"wp:attachment":[{"href":"https:\/\/tepasport.it\/main\/index.php?rest_route=%2Fwp%2Fv2%2Fmedia&parent=3929"}],"curies":[{"name":"wp","href":"https:\/\/api.w.org\/{rel}","templated":true}]}}