{"id":2506,"date":"2020-09-19T17:39:32","date_gmt":"2020-09-19T15:39:32","guid":{"rendered":"https:\/\/tepasport.it\/main\/?post_type=product&#038;p=2506"},"modified":"2026-02-15T19:55:41","modified_gmt":"2026-02-15T18:55:41","slug":"training-jr-classic-royal","status":"publish","type":"product","link":"https:\/\/tepasport.it\/main\/?product=training-jr-classic-royal","title":{"rendered":"Training Jr Classic Royal <b><font color=\"red\">-40%<\/font><\/b>"},"content":{"rendered":"<p><strong>Nuova Training Junior Royal<\/strong><\/p>\n<p><strong><b>(NOTA: Questo articolo calza molto ed \u00e8 consigliabile un numero in meno, sarai comunque contattato prima della spedizione per ulteriori informazioni.)<\/b><\/strong><\/p>\n<p>La tomaia \u00e8 in pelle scamosciata con la nostra inconfondibile &#8220;V&#8221; bianca rigorosamente in pelle<\/p>\n<p>La suola \u00e8 in gomma, il sottopiede interno \u00e8 anatomico e il tendiscarpe incluso.<\/p>\n<p>La consegna e il cambio in caso di numero errato avvengono nel giro di 48 ore e sono gratuiti.<\/p>\n<p>Garanzia Tepa Sport compresa !!!<\/p>\n<p>Made in Italy dal 1952<\/p>\n","protected":false},"excerpt":{"rendered":"<p>Nuova Training Junior Royal (NOTA: Questo articolo calza molto ed \u00e8 consigliabile un numero in meno, sarai comunque contattato prima della spedizione per ulteriori informazioni.) La tomaia \u00e8 in pelle scamosciata con la nostra inconfondibile &#8220;V&#8221; bianca rigorosamente in pelle La suola \u00e8 in gomma, il sottopiede interno \u00e8 anatomico e il tendiscarpe incluso. La [&hellip;]<\/p>\n","protected":false},"featured_media":4407,"comment_status":"open","ping_status":"closed","template":"","meta":{"cybocfi_hide_featured_image":""},"product_brand":[],"product_cat":[39],"product_tag":[],"class_list":{"0":"post-2506","1":"product","2":"type-product","3":"status-publish","4":"has-post-thumbnail","6":"product_cat-junior-training","8":"first","9":"instock","10":"sale","11":"taxable","12":"shipping-taxable","13":"purchasable","14":"product-type-variable"},"_links":{"self":[{"href":"https:\/\/tepasport.it\/main\/index.php?rest_route=\/wp\/v2\/product\/2506","targetHints":{"allow":["GET"]}}],"collection":[{"href":"https:\/\/tepasport.it\/main\/index.php?rest_route=\/wp\/v2\/product"}],"about":[{"href":"https:\/\/tepasport.it\/main\/index.php?rest_route=\/wp\/v2\/types\/product"}],"replies":[{"embeddable":true,"href":"https:\/\/tepasport.it\/main\/index.php?rest_route=%2Fwp%2Fv2%2Fcomments&post=2506"}],"wp:featuredmedia":[{"embeddable":true,"href":"https:\/\/tepasport.it\/main\/index.php?rest_route=\/wp\/v2\/media\/4407"}],"wp:attachment":[{"href":"https:\/\/tepasport.it\/main\/index.php?rest_route=%2Fwp%2Fv2%2Fmedia&parent=2506"}],"wp:term":[{"taxonomy":"product_brand","embeddable":true,"href":"https:\/\/tepasport.it\/main\/index.php?rest_route=%2Fwp%2Fv2%2Fproduct_brand&post=2506"},{"taxonomy":"product_cat","embeddable":true,"href":"https:\/\/tepasport.it\/main\/index.php?rest_route=%2Fwp%2Fv2%2Fproduct_cat&post=2506"},{"taxonomy":"product_tag","embeddable":true,"href":"https:\/\/tepasport.it\/main\/index.php?rest_route=%2Fwp%2Fv2%2Fproduct_tag&post=2506"}],"curies":[{"name":"wp","href":"https:\/\/api.w.org\/{rel}","templated":true}]}}