{"id":3341,"date":"2020-10-03T23:00:24","date_gmt":"2020-10-03T21:00:24","guid":{"rendered":"https:\/\/tepasport.it\/main\/?post_type=product&#038;p=3341"},"modified":"2023-04-03T16:18:05","modified_gmt":"2023-04-03T14:18:05","slug":"training-junior-extra-yellow-green","status":"publish","type":"product","link":"https:\/\/tepasport.it\/main\/?product=training-junior-extra-yellow-green","title":{"rendered":"Training Junior Extra Yellow-Green <b><font color=\"red\">-50%<\/font><\/b>"},"content":{"rendered":"<p><strong>Training Junior Extra Yellow-Green<\/strong><\/p>\n<p>La tomaia \u00e8 in COTONE con inserti Bianchi in vera pelle bovina come la nostra inconfondibile &#8220;V&#8221; Green.<\/p>\n<p>La suola \u00e8 in MATERIALE EXTRALIGHT, il sottopiede interno \u00e8 anatomico e ricoperto in pelle di maialino e i lacci CERATI (idro-repellenti).<\/p>\n<p>La consegna e il cambio in caso di numero errato avvengono nel giro di 48 ore e sono gratuiti.<\/p>\n<p>Garanzia Tepa Sport compresa !!!<\/p>\n<p>Made in Italy dal 1952<\/p>\n","protected":false},"excerpt":{"rendered":"<p>Training Junior Extra Yellow-Green La tomaia \u00e8 in COTONE con inserti Bianchi in vera pelle bovina come la nostra inconfondibile &#8220;V&#8221; Green. La suola \u00e8 in MATERIALE EXTRALIGHT, il sottopiede interno \u00e8 anatomico e ricoperto in pelle di maialino e i lacci CERATI (idro-repellenti). La consegna e il cambio in caso di numero errato avvengono [&hellip;]<\/p>\n","protected":false},"featured_media":3342,"comment_status":"open","ping_status":"closed","template":"","meta":{"cybocfi_hide_featured_image":""},"product_brand":[],"product_cat":[21,58,55],"product_tag":[],"class_list":{"0":"post-3341","1":"product","2":"type-product","3":"status-publish","4":"has-post-thumbnail","6":"product_cat-donna","7":"product_cat-junior-training-scarpe-donna","8":"product_cat-training-scarpe-donna","10":"first","11":"instock","12":"sale","13":"taxable","14":"shipping-taxable","15":"purchasable","16":"product-type-variable"},"_links":{"self":[{"href":"https:\/\/tepasport.it\/main\/index.php?rest_route=\/wp\/v2\/product\/3341","targetHints":{"allow":["GET"]}}],"collection":[{"href":"https:\/\/tepasport.it\/main\/index.php?rest_route=\/wp\/v2\/product"}],"about":[{"href":"https:\/\/tepasport.it\/main\/index.php?rest_route=\/wp\/v2\/types\/product"}],"replies":[{"embeddable":true,"href":"https:\/\/tepasport.it\/main\/index.php?rest_route=%2Fwp%2Fv2%2Fcomments&post=3341"}],"wp:featuredmedia":[{"embeddable":true,"href":"https:\/\/tepasport.it\/main\/index.php?rest_route=\/wp\/v2\/media\/3342"}],"wp:attachment":[{"href":"https:\/\/tepasport.it\/main\/index.php?rest_route=%2Fwp%2Fv2%2Fmedia&parent=3341"}],"wp:term":[{"taxonomy":"product_brand","embeddable":true,"href":"https:\/\/tepasport.it\/main\/index.php?rest_route=%2Fwp%2Fv2%2Fproduct_brand&post=3341"},{"taxonomy":"product_cat","embeddable":true,"href":"https:\/\/tepasport.it\/main\/index.php?rest_route=%2Fwp%2Fv2%2Fproduct_cat&post=3341"},{"taxonomy":"product_tag","embeddable":true,"href":"https:\/\/tepasport.it\/main\/index.php?rest_route=%2Fwp%2Fv2%2Fproduct_tag&post=3341"}],"curies":[{"name":"wp","href":"https:\/\/api.w.org\/{rel}","templated":true}]}}